{"id":80,"date":"2016-03-02T17:47:27","date_gmt":"2016-03-02T16:47:27","guid":{"rendered":"http:\/\/chalezeule.fr\/?page_id=80"},"modified":"2021-03-06T10:28:00","modified_gmt":"2021-03-06T09:28:00","slug":"formalites-administratives","status":"publish","type":"page","link":"https:\/\/chalezeule.fr\/index.php\/formalites-administratives\/","title":{"rendered":"Horaires et Formalit\u00e9s Administratives"},"content":{"rendered":"<h4><span style=\"color: #3782c1; font-family: Helvetica;\"><strong>Suite aux nouvelles r\u00e9glementations, l&#8217;accueil physique \u00e0 la Mairie se fera uniquement sur rendez-vous, le port du masque sera OBLIGATOIRE !<br \/>\n<\/strong><\/span><\/h4>\n<h4><span style=\"color: #3782c1; font-family: Helvetica;\"><strong>Pour obtenir un rendez-vous, vous pouvez contacter la Mairie\u00a0 directement au 03.81.61.04.63 ou par le mail \u00e0\u00a0<a href=\"mailto:mairie@chalezeule.fr\" target=\"_blank\" rel=\"noopener noreferrer\">mairie@chalezeule.fr<\/a><\/strong><\/span><\/h4>\n<h3><span style=\"color: #ff0000;\">Horaires t\u00e9l\u00e9phoniques du secr\u00e9tariat : <\/span><br \/>\nDe 8h15 \u00e0 12h15 &amp; 13h30 \u00e0 18h30<br \/>\nSauf le vendredi : jusqu&#8217;\u00e0 17h.<\/h3>\n<p style=\"text-align: justify;\"><span style=\"font-family: Helvetica;\">Avant de passer en Mairie, vous pouvez vous renseigner par avance sur les d\u00e9marches \u00e0 suivre et pr\u00e9parer les papiers qui vous seront demand\u00e9s.<\/span><\/p>\n<p><span style=\"font-family: Helvetica;\"><a href=\"https:\/\/i1.wp.com\/chalezeule.fr\/wp-content\/uploads\/2016\/03\/image_preview.jpg\"><img data-attachment-id=\"190\" data-permalink=\"https:\/\/chalezeule.fr\/image_preview\/\" data-orig-file=\"https:\/\/i1.wp.com\/chalezeule.fr\/wp-content\/uploads\/2016\/03\/image_preview.jpg?fit=400%2C400&amp;ssl=1\" data-orig-size=\"400,400\" data-comments-opened=\"0\" data-image-meta=\"{&quot;aperture&quot;:&quot;0&quot;,&quot;credit&quot;:&quot;&quot;,&quot;camera&quot;:&quot;&quot;,&quot;caption&quot;:&quot;&quot;,&quot;created_timestamp&quot;:&quot;0&quot;,&quot;copyright&quot;:&quot;&quot;,&quot;focal_length&quot;:&quot;0&quot;,&quot;iso&quot;:&quot;0&quot;,&quot;shutter_speed&quot;:&quot;0&quot;,&quot;title&quot;:&quot;&quot;,&quot;orientation&quot;:&quot;0&quot;}\" data-image-title=\"image_preview\" data-image-description=\"\" data-medium-file=\"https:\/\/i1.wp.com\/chalezeule.fr\/wp-content\/uploads\/2016\/03\/image_preview.jpg?fit=300%2C300&amp;ssl=1\" data-large-file=\"https:\/\/i1.wp.com\/chalezeule.fr\/wp-content\/uploads\/2016\/03\/image_preview.jpg?fit=400%2C400&amp;ssl=1\" loading=\"lazy\" class=\"size-medium wp-image-190 alignleft\" src=\"https:\/\/i1.wp.com\/chalezeule.fr\/wp-content\/uploads\/2016\/03\/image_preview.jpg?resize=300%2C300\" alt=\"\" srcset=\"https:\/\/i1.wp.com\/chalezeule.fr\/wp-content\/uploads\/2016\/03\/image_preview.jpg?resize=300%2C300&amp;ssl=1 300w, https:\/\/i1.wp.com\/chalezeule.fr\/wp-content\/uploads\/2016\/03\/image_preview.jpg?resize=150%2C150&amp;ssl=1 150w, https:\/\/i1.wp.com\/chalezeule.fr\/wp-content\/uploads\/2016\/03\/image_preview.jpg?w=400&amp;ssl=1 400w, https:\/\/i1.wp.com\/chalezeule.fr\/wp-content\/uploads\/2016\/03\/image_preview.jpg?resize=230%2C230&amp;ssl=1 230w, https:\/\/i1.wp.com\/chalezeule.fr\/wp-content\/uploads\/2016\/03\/image_preview.jpg?resize=350%2C350&amp;ssl=1 350w\" sizes=\"(max-width: 300px) 100vw, 300px\" data-recalc-dims=\"1\" \/><\/a><\/span><\/p>\n<ul>\n<li><span style=\"font-family: Helvetica;\"><a href=\"https:\/\/www.service-public.fr\/particuliers\/vosdroits\/N358\">Carte Nationale d&#8217;Identit\u00e9 (CNI)<\/a>\u00a0 \u00a0 \u00a0 <span style=\"color: #0000ff;\"><strong><a href=\"https:\/\/www.francebleu.fr\/infos\/societe\/carte-dans-quelles-communes-de-franche-comte-obtenir-une-carte-d-identite-biometrique-1488812596\">&gt; o\u00f9 faire ma CNI ?<\/a><\/strong><\/span><\/span><\/li>\n<li><span style=\"font-family: Helvetica;\"><a href=\"https:\/\/www.service-public.fr\/particuliers\/vosdroits\/F1427\" target=\"_blank\" rel=\"noopener noreferrer\">Acte de naissance <\/a><\/span><\/li>\n<li><span style=\"font-family: Helvetica;\"><a href=\"https:\/\/www.service-public.fr\/particuliers\/vosdroits\/F1432\" target=\"_blank\" rel=\"noopener noreferrer\">Acte de mariage<\/a><\/span><\/li>\n<li><span style=\"font-family: Helvetica;\"><a href=\"https:\/\/www.service-public.fr\/particuliers\/vosdroits\/F1374\" target=\"_blank\" rel=\"noopener noreferrer\">Transposition en langue \u00e9trang\u00e8re d&#8217;un acte d&#8217;\u00e9tat civil<\/a><\/span><\/li>\n<\/ul>\n<h6 style=\"text-align: justify;\"><span style=\"font-family: Helvetica;\">\u00a0<\/span><\/h6>\n<p><span style=\"font-family: Helvetica;\"><img data-attachment-id=\"616\" data-permalink=\"https:\/\/chalezeule.fr\/index.php\/elections\/imgres\/\" data-orig-file=\"https:\/\/i2.wp.com\/chalezeule.fr\/wp-content\/uploads\/2016\/03\/imgres.jpg?fit=275%2C183&amp;ssl=1\" data-orig-size=\"275,183\" data-comments-opened=\"0\" data-image-meta=\"{&quot;aperture&quot;:&quot;0&quot;,&quot;credit&quot;:&quot;&quot;,&quot;camera&quot;:&quot;&quot;,&quot;caption&quot;:&quot;&quot;,&quot;created_timestamp&quot;:&quot;0&quot;,&quot;copyright&quot;:&quot;&quot;,&quot;focal_length&quot;:&quot;0&quot;,&quot;iso&quot;:&quot;0&quot;,&quot;shutter_speed&quot;:&quot;0&quot;,&quot;title&quot;:&quot;&quot;,&quot;orientation&quot;:&quot;0&quot;}\" data-image-title=\"imgres\" data-image-description=\"\" data-medium-file=\"https:\/\/i2.wp.com\/chalezeule.fr\/wp-content\/uploads\/2016\/03\/imgres.jpg?fit=275%2C183&amp;ssl=1\" data-large-file=\"https:\/\/i2.wp.com\/chalezeule.fr\/wp-content\/uploads\/2016\/03\/imgres.jpg?fit=275%2C183&amp;ssl=1\" loading=\"lazy\" class=\"wp-image-616 size-full alignright\" src=\"https:\/\/i2.wp.com\/chalezeule.fr\/wp-content\/uploads\/2016\/03\/imgres.jpg?resize=275%2C183\" srcset=\"https:\/\/i2.wp.com\/chalezeule.fr\/wp-content\/uploads\/2016\/03\/imgres.jpg?w=275&amp;ssl=1 275w, https:\/\/i2.wp.com\/chalezeule.fr\/wp-content\/uploads\/2016\/03\/imgres.jpg?resize=230%2C153&amp;ssl=1 230w\" sizes=\"(max-width: 275px) 100vw, 275px\" data-recalc-dims=\"1\" \/><\/span><\/p>\n<h4><span style=\"font-family: Helvetica;\">\u00a0<\/span><\/h4>\n<ul>\n<li><span style=\"font-family: Helvetica;\"><a href=\"https:\/\/www.service-public.fr\/particuliers\/vosdroits\/F1961\" target=\"_blank\" rel=\"noopener noreferrer\">Listes \u00e9lectorales : inscription d&#8217;office \u00e0 18 ans<\/a><\/span><\/li>\n<li><span style=\"font-family: Helvetica;\"><a href=\"https:\/\/www.service-public.fr\/particuliers\/vosdroits\/F1367\" target=\"_blank\" rel=\"noopener noreferrer\">Listes \u00e9lectorales : nouvelle inscription<\/a><\/span><\/li>\n<li><span style=\"font-family: Helvetica;\"><a href=\"https:\/\/www.service-public.fr\/particuliers\/vosdroits\/F1372\" target=\"_blank\" rel=\"noopener noreferrer\">D\u00e9m\u00e9nagement<\/a><\/span><\/li>\n<li><span style=\"font-family: Helvetica;\"><a href=\"https:\/\/www.service-public.fr\/particuliers\/vosdroits\/F1937\" target=\"_blank\" rel=\"noopener noreferrer\">Droit de vote d&#8217;un citoyen europ\u00e9en<\/a><\/span><\/li>\n<li><span style=\"font-family: Helvetica;\"><a href=\"https:\/\/www.service-public.fr\/particuliers\/vosdroits\/F1962\" target=\"_blank\" rel=\"noopener noreferrer\">Carte \u00e9lectorale<\/a><\/span><\/li>\n<\/ul>\n","protected":false},"excerpt":{"rendered":"<p>Suite aux nouvelles r\u00e9glementations, l&#8217;accueil physique \u00e0 la Mairie se fera uniquement sur rendez-vous, le port du masque sera OBLIGATOIRE ! Pour obtenir un rendez-vous, vous pouvez contacter la Mairie\u00a0 directement au 03.81.61.04.63 ou par le mail \u00e0\u00a0mairie@chalezeule.fr Horaires t\u00e9l\u00e9phoniques du secr\u00e9tariat : De 8h15 \u00e0 12h15 &amp; 13h30 \u00e0 18h30 Sauf le vendredi : [&hellip;]<\/p>\n","protected":false},"author":1,"featured_media":0,"parent":0,"menu_order":0,"comment_status":"closed","ping_status":"closed","template":"","meta":[],"_links":{"self":[{"href":"https:\/\/chalezeule.fr\/index.php\/wp-json\/wp\/v2\/pages\/80"}],"collection":[{"href":"https:\/\/chalezeule.fr\/index.php\/wp-json\/wp\/v2\/pages"}],"about":[{"href":"https:\/\/chalezeule.fr\/index.php\/wp-json\/wp\/v2\/types\/page"}],"author":[{"embeddable":true,"href":"https:\/\/chalezeule.fr\/index.php\/wp-json\/wp\/v2\/users\/1"}],"replies":[{"embeddable":true,"href":"https:\/\/chalezeule.fr\/index.php\/wp-json\/wp\/v2\/comments?post=80"}],"version-history":[{"count":29,"href":"https:\/\/chalezeule.fr\/index.php\/wp-json\/wp\/v2\/pages\/80\/revisions"}],"predecessor-version":[{"id":3959,"href":"https:\/\/chalezeule.fr\/index.php\/wp-json\/wp\/v2\/pages\/80\/revisions\/3959"}],"wp:attachment":[{"href":"https:\/\/chalezeule.fr\/index.php\/wp-json\/wp\/v2\/media?parent=80"}],"curies":[{"name":"wp","href":"https:\/\/api.w.org\/{rel}","templated":true}]}}