{"id":554,"date":"2016-04-28T13:09:05","date_gmt":"2016-04-28T12:09:05","guid":{"rendered":"http:\/\/chalezeule.fr\/?page_id=554"},"modified":"2022-01-10T15:49:15","modified_gmt":"2022-01-10T14:49:15","slug":"ramassage","status":"publish","type":"page","link":"https:\/\/chalezeule.fr\/index.php\/ramassage\/","title":{"rendered":"Ramassage"},"content":{"rendered":"<h4><span style=\"color: #3782c1;\">D\u00e9chets r\u00e9siduels et recyclables<\/span><\/h4>\n<p>Dans le Grand Besan\u00e7on, la collecte des ordures m\u00e9nag\u00e8res et des d\u00e9chets recyclables se fait le m\u00eame jour,\u00a0 <strong>mardi. <\/strong>Toutefois la fr\u00e9quence est diff\u00e9rente pour les recyclables qui est \u00e0 2 semaines comme dans le reste du Grand Besan\u00e7on.<\/p>\n<p>Si vous souhaitez <strong>modifier le volume de votre bac de d\u00e9chets recyclables<\/strong>, ou pour tout renseignement, contactez la Direction Gestion des D\u00e9chets du Grand Besan\u00e7on au<\/p>\n<p><span style=\"color: #339966;\"><strong>Num\u00e9ro Vert: 0 800 800 674 (appel gratuit)<\/strong><\/span><\/p>\n<h5 style=\"text-align: left;\"><span style=\"text-decoration: underline; color: #7fc400; font-size: 28px;\"><span style=\"font-family: Helvetica;\">Calendrier de collecte 2022<\/span><\/span><\/h5>\n<p>\u00a0<\/p>\n\n\n<div class=\"wp-block-file\"><a href=\"http:\/\/chalezeule.fr\/wp-content\/uploads\/2022\/01\/Chalezeule.pdf\">Chalezeule<\/a><a href=\"http:\/\/chalezeule.fr\/wp-content\/uploads\/2022\/01\/Chalezeule.pdf\" class=\"wp-block-file__button\" download>T\u00e9l\u00e9charger<\/a><\/div>\n\n\n\n<figure class=\"wp-block-image\"><img alt=\"\"\/><\/figure>\n","protected":false},"excerpt":{"rendered":"<p>D\u00e9chets r\u00e9siduels et recyclables Dans le Grand Besan\u00e7on, la collecte des ordures m\u00e9nag\u00e8res et des d\u00e9chets recyclables se fait le m\u00eame jour,\u00a0 mardi. Toutefois la fr\u00e9quence est diff\u00e9rente pour les recyclables qui est \u00e0 2 semaines comme dans le reste du Grand Besan\u00e7on. Si vous souhaitez modifier le volume de votre bac de d\u00e9chets recyclables, [&hellip;]<\/p>\n","protected":false},"author":1,"featured_media":0,"parent":0,"menu_order":0,"comment_status":"closed","ping_status":"closed","template":"","meta":[],"_links":{"self":[{"href":"https:\/\/chalezeule.fr\/index.php\/wp-json\/wp\/v2\/pages\/554"}],"collection":[{"href":"https:\/\/chalezeule.fr\/index.php\/wp-json\/wp\/v2\/pages"}],"about":[{"href":"https:\/\/chalezeule.fr\/index.php\/wp-json\/wp\/v2\/types\/page"}],"author":[{"embeddable":true,"href":"https:\/\/chalezeule.fr\/index.php\/wp-json\/wp\/v2\/users\/1"}],"replies":[{"embeddable":true,"href":"https:\/\/chalezeule.fr\/index.php\/wp-json\/wp\/v2\/comments?post=554"}],"version-history":[{"count":14,"href":"https:\/\/chalezeule.fr\/index.php\/wp-json\/wp\/v2\/pages\/554\/revisions"}],"predecessor-version":[{"id":4362,"href":"https:\/\/chalezeule.fr\/index.php\/wp-json\/wp\/v2\/pages\/554\/revisions\/4362"}],"wp:attachment":[{"href":"https:\/\/chalezeule.fr\/index.php\/wp-json\/wp\/v2\/media?parent=554"}],"curies":[{"name":"wp","href":"https:\/\/api.w.org\/{rel}","templated":true}]}}