{"id":3778,"date":"2020-06-18T10:42:21","date_gmt":"2020-06-18T09:42:21","guid":{"rendered":"http:\/\/chalezeule.fr\/?page_id=3778"},"modified":"2021-03-27T20:33:25","modified_gmt":"2021-03-27T19:33:25","slug":"nos-aines","status":"publish","type":"page","link":"https:\/\/chalezeule.fr\/index.php\/nos-aines\/","title":{"rendered":"Nos a\u00een\u00e9s"},"content":{"rendered":"\n<p><strong>COVID19 INFORMATION VACCINATION<\/strong><\/p>\n\n\n\n<div class=\"wp-block-file\"><a href=\"http:\/\/chalezeule.fr\/wp-content\/uploads\/2021\/03\/FLYER-Centre-VACCImars-2.pdf\">FLYER-Centre-VACCImars-2<\/a><a href=\"http:\/\/chalezeule.fr\/wp-content\/uploads\/2021\/03\/FLYER-Centre-VACCImars-2.pdf\" class=\"wp-block-file__button\" download>T\u00e9l\u00e9charger<\/a><\/div>\n\n\n<h1>\u00a0<\/h1>\n<p>\u00a0<\/p>\n<p>\u00a0<\/p>\n<h1>\u00a0<\/h1>\n<h1>Informations relatives aux EHPAD\/Maison de retraite :<\/h1>\n<p>Le <a href=\"https:\/\/sante.journaldesfemmes.fr\/fiches-maladies\/2624771-plan-bleu-c-est-quoi-quelles-maisons-de-retraites-ehpad-coronavirus-jusqu-a-quand-exemple-assouplissement-visite\/\">Plan bleu<\/a> a \u00e9t\u00e9 d\u00e9clench\u00e9 le 6 mars dernier dans les EHPAD et les \u00e9tablissement m\u00e9dico-sociaux dans le but de faire face \u00e0 l\u2019\u00e9pid\u00e9mie du coronavirus, qui se poursuit encore. Il a \u00e9t\u00e9 mis en place pour prot\u00e9ger les plus fragiles que sont notamment les personnes \u00e2g\u00e9es. Ce projet est essentiel pour r\u00e9duire la transmission des maladies dans ces \u00e9tablissements.<\/p>\n<p>Ainsi, il implique\u00a0entre autre le confinement des r\u00e9sidents, usagers et personnels si n\u00e9cessaire. Cependant, une mise \u00e0 jour a \u00e9t\u00e9 r\u00e9alis\u00e9e. D\u00e9velopp\u00e9e en partenariat avec la Casse nationale de solidarit\u00e9 pour l\u2019autonomie, le <a href=\"https:\/\/www.pour-les-personnes-agees.gouv.fr\/\">Portail Nation d\u2019information<\/a> propose des outils pratiques pour guider les personnes \u00e2g\u00e9es dans leur parcours, en particulier un <a href=\"https:\/\/www.pour-les-personnes-agees.gouv.fr\/annuaire-ehpad-et-maisons-de-retraite\">annuaire<\/a> des \u00e9tablissements et des services m\u00e9dicalis\u00e9s. Vous y trouverez des <a href=\"https:\/\/ehpad-maison-de-retraite-palmares.fr\/\">sites sp\u00e9cialis\u00e9s<\/a> qui regroupent des <a href=\"https:\/\/ehpad-maison-de-retraite-palmares.fr\/doubs\/chalezeule-25220\/\">maisons de retraite<\/a> ou <a href=\"https:\/\/ehpad-maison-de-retraite-palmares.fr\/doubs\/\">EHPAD<\/a> qui sont adapt\u00e9s aux instructions pr\u00e9conis\u00e9es dans le Plan Bleu pour garantir la protection de tous dans ces \u00e9tablissements.<\/p>","protected":false},"excerpt":{"rendered":"<p>COVID19 INFORMATION VACCINATION \u00a0 \u00a0 \u00a0 \u00a0 Informations relatives aux EHPAD\/Maison de retraite : Le Plan bleu a \u00e9t\u00e9 d\u00e9clench\u00e9 le 6 mars dernier dans les EHPAD et les \u00e9tablissement m\u00e9dico-sociaux dans le but de faire face \u00e0 l\u2019\u00e9pid\u00e9mie du coronavirus, qui se poursuit encore. Il a \u00e9t\u00e9 mis en place pour prot\u00e9ger les plus [&hellip;]<\/p>\n","protected":false},"author":1,"featured_media":0,"parent":0,"menu_order":0,"comment_status":"closed","ping_status":"closed","template":"","meta":[],"_links":{"self":[{"href":"https:\/\/chalezeule.fr\/index.php\/wp-json\/wp\/v2\/pages\/3778"}],"collection":[{"href":"https:\/\/chalezeule.fr\/index.php\/wp-json\/wp\/v2\/pages"}],"about":[{"href":"https:\/\/chalezeule.fr\/index.php\/wp-json\/wp\/v2\/types\/page"}],"author":[{"embeddable":true,"href":"https:\/\/chalezeule.fr\/index.php\/wp-json\/wp\/v2\/users\/1"}],"replies":[{"embeddable":true,"href":"https:\/\/chalezeule.fr\/index.php\/wp-json\/wp\/v2\/comments?post=3778"}],"version-history":[{"count":7,"href":"https:\/\/chalezeule.fr\/index.php\/wp-json\/wp\/v2\/pages\/3778\/revisions"}],"predecessor-version":[{"id":4105,"href":"https:\/\/chalezeule.fr\/index.php\/wp-json\/wp\/v2\/pages\/3778\/revisions\/4105"}],"wp:attachment":[{"href":"https:\/\/chalezeule.fr\/index.php\/wp-json\/wp\/v2\/media?parent=3778"}],"curies":[{"name":"wp","href":"https:\/\/api.w.org\/{rel}","templated":true}]}}