{"id":3756,"date":"2020-06-09T09:28:24","date_gmt":"2020-06-09T08:28:24","guid":{"rendered":"http:\/\/chalezeule.fr\/?page_id=3756"},"modified":"2020-06-09T09:33:27","modified_gmt":"2020-06-09T08:33:27","slug":"vehicule-en-attendant","status":"publish","type":"page","link":"https:\/\/chalezeule.fr\/index.php\/vehicule-en-attendant\/","title":{"rendered":"V\u00e9hicule en attendant"},"content":{"rendered":"\n<p>Comme vous le savez,\u00a0<a rel=\"noreferrer noopener\" href=\"https:\/\/www.ecologique-solidaire.gouv.fr\/vehicules-hors-dusage\" target=\"_blank\">d\u2019apr\u00e8s la loi<\/a>, il est obligatoire pour tout citoyen propri\u00e9taire d\u2019un v\u00e9hicule de se d\u00e9barrasser de celui-ci si il est hors d\u2019usage (v\u00e9hicule en fin de vie ou techniquement irr\u00e9parable).<\/p>\n\n\n\n<p>Voici les centres VHU agr\u00e9\u00e9s (casse auto) proches de chez vous ! <\/p>\n\n\n\n<p>voici des liens que vous pouvez utiliser sur le site officiel de votre commune  : <\/p>\n\n\n\n<ul><li><em><a href=\"https:\/\/www.service-public.fr\/particuliers\/vosdroits\/F17375\" target=\"_blank\" rel=\"noreferrer noopener\">Peut-on vendre\/acheter un VHU (v\u00e9hicule hors d&#8217;usage) ?<\/a><\/em><\/li><li><em><a href=\"https:\/\/www.legifrance.gouv.fr\/affichCode.do?idSectionTA=LEGISCTA000006188963&amp;cidTexte=LEGITEXT000006074220\" target=\"_blank\" rel=\"noreferrer noopener\">Article R541-77 : sanction p\u00e9nale si abandon du VHU<\/a><\/em><\/li><li><em><a href=\"https:\/\/www.francecasse.fr\/enlevement-epave-gratuit.htm\" target=\"_blank\" rel=\"noreferrer noopener\">Trouvez le centre VHU proche de votre domicile<\/a><\/em><\/li><\/ul>\n","protected":false},"excerpt":{"rendered":"<p>Comme vous le savez,\u00a0d\u2019apr\u00e8s la loi, il est obligatoire pour tout citoyen propri\u00e9taire d\u2019un v\u00e9hicule de se d\u00e9barrasser de celui-ci si il est hors d\u2019usage (v\u00e9hicule en fin de vie ou techniquement irr\u00e9parable). Voici les centres VHU agr\u00e9\u00e9s (casse auto) proches de chez vous ! voici des liens que vous pouvez utiliser sur le site [&hellip;]<\/p>\n","protected":false},"author":1,"featured_media":0,"parent":0,"menu_order":0,"comment_status":"closed","ping_status":"closed","template":"","meta":[],"_links":{"self":[{"href":"https:\/\/chalezeule.fr\/index.php\/wp-json\/wp\/v2\/pages\/3756"}],"collection":[{"href":"https:\/\/chalezeule.fr\/index.php\/wp-json\/wp\/v2\/pages"}],"about":[{"href":"https:\/\/chalezeule.fr\/index.php\/wp-json\/wp\/v2\/types\/page"}],"author":[{"embeddable":true,"href":"https:\/\/chalezeule.fr\/index.php\/wp-json\/wp\/v2\/users\/1"}],"replies":[{"embeddable":true,"href":"https:\/\/chalezeule.fr\/index.php\/wp-json\/wp\/v2\/comments?post=3756"}],"version-history":[{"count":3,"href":"https:\/\/chalezeule.fr\/index.php\/wp-json\/wp\/v2\/pages\/3756\/revisions"}],"predecessor-version":[{"id":3761,"href":"https:\/\/chalezeule.fr\/index.php\/wp-json\/wp\/v2\/pages\/3756\/revisions\/3761"}],"wp:attachment":[{"href":"https:\/\/chalezeule.fr\/index.php\/wp-json\/wp\/v2\/media?parent=3756"}],"curies":[{"name":"wp","href":"https:\/\/api.w.org\/{rel}","templated":true}]}}