{"id":244,"date":"2016-03-08T09:08:59","date_gmt":"2016-03-08T08:08:59","guid":{"rendered":"http:\/\/chalezeule.fr\/?page_id=244"},"modified":"2017-10-30T16:06:29","modified_gmt":"2017-10-30T15:06:29","slug":"lepicerie-solidaire-la-cabas","status":"publish","type":"page","link":"https:\/\/chalezeule.fr\/index.php\/lepicerie-solidaire-la-cabas\/","title":{"rendered":"L\u2019\u00e9picerie solidaire \u00ab le Cabas \u00bb"},"content":{"rendered":"<div class=\"entry-content\">\n<h4 align=\"left\"><span style=\"text-decoration: underline; color: #3782c1;\">Contact :<\/span><\/h4>\n<p class=\"western\" align=\"left\">\u00a006.95.80.45.50<\/p>\n<p class=\"western\" align=\"left\">associationlecabas@yahoo.fr<\/p>\n<h4 align=\"left\">15 rue de la Cure \u2013 Salle Olivier Mettra 25220 CHALEZEULE<\/h4>\n<p>&nbsp;<\/p>\n<h4 class=\"western\" align=\"left\"><span style=\"font-family: Helvetica; color: #7fc400;\"><b>Un lieu<\/b><b> <\/b><b>d\u2019accueil et<\/b><b> <\/b><b>d\u2019\u00e9coute<\/b><\/span><\/h4>\n<p class=\"western\" align=\"justify\"><span style=\"font-family: Helvetica;\">\u00ab Le Cabas \u00bb propose la distribution de denr\u00e9es alimentaires \u00e0 un <b>co\u00fbt tr\u00e8s modeste<\/b>. Elle fonctionne comme <b>une \u00e9picerie<\/b>, ouverte deux fois par mois, dans laquelle <b>vous choisissez <\/b>vous-m\u00eame vos achats : Produits frais, l\u00e9gumes et fruits, riz, p\u00e2tes, conserves, etc\u2026 pour toute la famille.<\/span><\/p>\n<p class=\"western\" align=\"justify\"><span style=\"font-family: Helvetica;\">Ces denr\u00e9es sont fournies par la Banque Alimentaire du\u00a0<\/span><span style=\"font-family: Helvetica;\">Doubs. S\u2019ajoutent \u00e0 cela la distribution de produits <u> <\/u><u> <\/u><u> <\/u> d\u2019hygi\u00e8ne qui sont achet\u00e9s directement par \u00ab le Cabas \u00bb.<\/span><\/p>\n<p class=\"western\" align=\"justify\"><span style=\"font-family: Helvetica;\">\u00ab\u00a0Le Cabas\u00a0\u00bb tourne avec une quarantaine de b\u00e9n\u00e9voles qui se r\u00e9partissent la charge entre la <strong>mise en rayon<\/strong> suite \u00e0 la livraison de la banque alimentaire <strong>le jeudi<\/strong> et la <strong>distribution<\/strong> du <strong>vendredi.<\/strong><\/span><\/p>\n<p class=\"western\" align=\"left\"><span style=\"font-family: Helvetica;\">La livraison a lieu le 1er et 3\u00e8me jeudi apr\u00e8s-midi du mois et la distribution le 1er et 3\u00e8me vendredi du mois.<\/span><\/p>\n<h5 class=\"western\" align=\"left\"><span style=\"text-decoration: underline; color: #7fc400;\"><span style=\"font-family: Helvetica;\"><b>L\u2019aide alimentaire s\u2019adresse<\/b><b> <\/b><b>:<\/b><\/span><\/span><\/h5>\n<ul>\n<li>\n<p align=\"left\"><span style=\"font-family: Helvetica;\">Aux familles monoparentales avec enfants \u00e0 charge,<\/span><\/p>\n<\/li>\n<li>\n<p align=\"left\"><span style=\"font-family: Helvetica;\">Aux ch\u00f4meurs longue dur\u00e9e ou fin de droit,<\/span><\/p>\n<\/li>\n<li>\n<p align=\"left\"><span style=\"font-family: Helvetica;\">Aux int\u00e9rimaires ou salari\u00e9s,<\/span><\/p>\n<\/li>\n<li>\n<p align=\"left\"><span style=\"font-family: Helvetica;\">Aux \u00e9tudiants, Aux retrait\u00e9s,<\/span><\/p>\n<\/li>\n<li>\n<p align=\"left\"><span style=\"font-family: Helvetica;\">A toute personne b\u00e9n\u00e9ficiant des minimas sociaux sous r\u00e9serve d\u2019examen des ressources.<\/span><\/p>\n<\/li>\n<\/ul>\n<p class=\"western\" align=\"left\"><span style=\"font-family: Helvetica;\">Mais aussi\u2026 <i><b>cette aide alimentaire <\/b><\/i>s\u2019adresse \u00e9galement \u00e0 toute Personne connaissant un ennui financier ponctuel (perte d\u2019un emploi, attente d\u2019allocations ou de retraite, impr\u00e9vu financier important, etc\u2026)<\/span><\/p>\n<p class=\"western\" align=\"left\"><span style=\"font-family: Helvetica;\">Vous devez <i><b>constituer un dossier <\/b><\/i>aupr\u00e8s d\u2019un travailleur social. Il vous sera demand\u00e9 de fournir les justificatifs de vos revenus, vos charges, et la composition de votre famille. L\u2019aide alimentaire est attribu\u00e9e pour une p\u00e9riode de 3 mois renouvelable.<\/span><\/p>\n<h5 class=\"western\" align=\"left\"><span style=\"text-decoration: underline;\"><span style=\"font-family: Helvetica; color: #7fc400;\"><b>Pour prendre rendez-vous :<\/b><\/span><\/span><\/h5>\n<ul>\n<li class=\"western\"><span style=\"font-family: Helvetica;\">Le centre m\u00e9dico-social de NOVILLARS \u2013 03.81.55.61.25 &#8211; 6 rue Pasteur (dans le parc HLM) <\/span><\/li>\n<\/ul>\n<ul>\n<li class=\"western\"><span style=\"font-family: Helvetica;\">L\u2019Assistante sociale de votre secteur local ou professionnel<\/span><\/li>\n<\/ul>\n<p align=\"left\">\n<p align=\"left\">\n<p class=\"western\" align=\"left\"><span style=\"font-family: Helvetica;\">Partenaires : Syndicat d\u2019Etudes de l\u2019Est Bisontin, Commune de Chalezeule, D\u00e9partement du Doubs, Banque Alimentaire\u2026<\/span><\/p>\n<p class=\"western\" align=\"left\"><span style=\"color: #000000; font-family: Helvetica;\"><a style=\"color: #000000;\" href=\"mailto:associationlecabas@yahoo.fr\"><\/a><\/span><\/p>\n<\/div>\n","protected":false},"excerpt":{"rendered":"<p>Contact : \u00a006.95.80.45.50 associationlecabas@yahoo.fr 15 rue de la Cure \u2013 Salle Olivier Mettra 25220 CHALEZEULE &nbsp; Un lieu d\u2019accueil et d\u2019\u00e9coute \u00ab Le Cabas \u00bb propose la distribution de denr\u00e9es alimentaires \u00e0 un co\u00fbt tr\u00e8s modeste. Elle fonctionne comme une \u00e9picerie, ouverte deux fois par mois, dans laquelle vous choisissez vous-m\u00eame vos achats : Produits [&hellip;]<\/p>\n","protected":false},"author":1,"featured_media":0,"parent":0,"menu_order":0,"comment_status":"closed","ping_status":"closed","template":"","meta":[],"_links":{"self":[{"href":"https:\/\/chalezeule.fr\/index.php\/wp-json\/wp\/v2\/pages\/244"}],"collection":[{"href":"https:\/\/chalezeule.fr\/index.php\/wp-json\/wp\/v2\/pages"}],"about":[{"href":"https:\/\/chalezeule.fr\/index.php\/wp-json\/wp\/v2\/types\/page"}],"author":[{"embeddable":true,"href":"https:\/\/chalezeule.fr\/index.php\/wp-json\/wp\/v2\/users\/1"}],"replies":[{"embeddable":true,"href":"https:\/\/chalezeule.fr\/index.php\/wp-json\/wp\/v2\/comments?post=244"}],"version-history":[{"count":4,"href":"https:\/\/chalezeule.fr\/index.php\/wp-json\/wp\/v2\/pages\/244\/revisions"}],"predecessor-version":[{"id":1881,"href":"https:\/\/chalezeule.fr\/index.php\/wp-json\/wp\/v2\/pages\/244\/revisions\/1881"}],"wp:attachment":[{"href":"https:\/\/chalezeule.fr\/index.php\/wp-json\/wp\/v2\/media?parent=244"}],"curies":[{"name":"wp","href":"https:\/\/api.w.org\/{rel}","templated":true}]}}