{"id":2327,"date":"2018-01-19T16:23:17","date_gmt":"2018-01-19T15:23:17","guid":{"rendered":"http:\/\/chalezeule.fr\/?page_id=2327"},"modified":"2018-03-29T12:21:48","modified_gmt":"2018-03-29T11:21:48","slug":"portraits-chalezeulois","status":"publish","type":"page","link":"https:\/\/chalezeule.fr\/index.php\/portraits-chalezeulois\/","title":{"rendered":"Portraits Chalezeulois"},"content":{"rendered":"<h3><span style=\"font-family: Helvetica;\"><em>D\u00e9couvrez les portraits des figures embl\u00e9matiques Chalezeuloises &#8230;.\u00a0<\/em><\/span><\/h3>\n<p><em>Le deuxi\u00e8me, est consacr\u00e9 \u00e0 <strong>Mme Marie-Louise PETETIN<\/strong>\u00a0qui est la doyenne des femmes de notre village en cette ann\u00e9e 2018.\u00a0<\/em><\/p>\n<iframe src=\"\/\/docs.google.com\/viewer?url=http%3A%2F%2Fchalezeule.fr%2Fwp-content%2Fuploads%2F2018%2F03%2FMme-PETETIN.pdf&hl=fr&embedded=true\" class=\"gde-frame\" style=\"width:100%; height:500px; border: none;\" scrolling=\"no\"><\/iframe>\n<p class=\"gde-text\"><a href=\"http:\/\/chalezeule.fr\/wp-content\/uploads\/2018\/03\/Mme-PETETIN.pdf\" class=\"gde-link\">T\u00e9l\u00e9charger (PDF, 442KB)<\/a><\/p>\n<p><em>Le premier, est consacr\u00e9 \u00e0 <strong>M. Claude BURNEY<\/strong> qui a repris fin 2017 la pr\u00e9sidence de l\u2019association des anciens combattants de CHALEZEULE.\u00a0<\/em><\/p>\n<iframe src=\"\/\/docs.google.com\/viewer?url=http%3A%2F%2Fchalezeule.fr%2Fwp-content%2Fuploads%2F2018%2F02%2FClaude-BURNEY.pdf&hl=fr&embedded=true\" class=\"gde-frame\" style=\"width:100%; height:500px; border: none;\" scrolling=\"no\"><\/iframe>\n<p class=\"gde-text\"><a href=\"http:\/\/chalezeule.fr\/wp-content\/uploads\/2018\/02\/Claude-BURNEY.pdf\" class=\"gde-link\">T\u00e9l\u00e9charger (PDF, 795KB)<\/a><\/p>\n","protected":false},"excerpt":{"rendered":"<p>D\u00e9couvrez les portraits des figures embl\u00e9matiques Chalezeuloises &#8230;.\u00a0 Le deuxi\u00e8me, est consacr\u00e9 \u00e0 Mme Marie-Louise PETETIN\u00a0qui est la doyenne des femmes de notre village en cette ann\u00e9e 2018.\u00a0 Le premier, est consacr\u00e9 \u00e0 M. Claude BURNEY qui a repris fin 2017 la pr\u00e9sidence de l\u2019association des anciens combattants de CHALEZEULE.\u00a0<\/p>\n","protected":false},"author":1,"featured_media":0,"parent":0,"menu_order":0,"comment_status":"closed","ping_status":"closed","template":"","meta":[],"_links":{"self":[{"href":"https:\/\/chalezeule.fr\/index.php\/wp-json\/wp\/v2\/pages\/2327"}],"collection":[{"href":"https:\/\/chalezeule.fr\/index.php\/wp-json\/wp\/v2\/pages"}],"about":[{"href":"https:\/\/chalezeule.fr\/index.php\/wp-json\/wp\/v2\/types\/page"}],"author":[{"embeddable":true,"href":"https:\/\/chalezeule.fr\/index.php\/wp-json\/wp\/v2\/users\/1"}],"replies":[{"embeddable":true,"href":"https:\/\/chalezeule.fr\/index.php\/wp-json\/wp\/v2\/comments?post=2327"}],"version-history":[{"count":11,"href":"https:\/\/chalezeule.fr\/index.php\/wp-json\/wp\/v2\/pages\/2327\/revisions"}],"predecessor-version":[{"id":2485,"href":"https:\/\/chalezeule.fr\/index.php\/wp-json\/wp\/v2\/pages\/2327\/revisions\/2485"}],"wp:attachment":[{"href":"https:\/\/chalezeule.fr\/index.php\/wp-json\/wp\/v2\/media?parent=2327"}],"curies":[{"name":"wp","href":"https:\/\/api.w.org\/{rel}","templated":true}]}}