{"id":2291,"date":"2018-01-16T11:31:28","date_gmt":"2018-01-16T10:31:28","guid":{"rendered":"http:\/\/chalezeule.fr\/?page_id=2291"},"modified":"2021-04-30T14:22:45","modified_gmt":"2021-04-30T13:22:45","slug":"ludotheque","status":"publish","type":"page","link":"https:\/\/chalezeule.fr\/index.php\/ludotheque\/","title":{"rendered":"Ludoth\u00e8que"},"content":{"rendered":"<p><img data-attachment-id=\"2292\" data-permalink=\"https:\/\/chalezeule.fr\/index.php\/ludotheque\/la-toupie\/\" data-orig-file=\"https:\/\/i2.wp.com\/chalezeule.fr\/wp-content\/uploads\/2018\/01\/la-toupie.png?fit=155%2C179&amp;ssl=1\" data-orig-size=\"155,179\" data-comments-opened=\"0\" data-image-meta=\"{&quot;aperture&quot;:&quot;0&quot;,&quot;credit&quot;:&quot;&quot;,&quot;camera&quot;:&quot;&quot;,&quot;caption&quot;:&quot;&quot;,&quot;created_timestamp&quot;:&quot;0&quot;,&quot;copyright&quot;:&quot;&quot;,&quot;focal_length&quot;:&quot;0&quot;,&quot;iso&quot;:&quot;0&quot;,&quot;shutter_speed&quot;:&quot;0&quot;,&quot;title&quot;:&quot;&quot;,&quot;orientation&quot;:&quot;0&quot;}\" data-image-title=\"la toupie\" data-image-description=\"\" data-medium-file=\"https:\/\/i2.wp.com\/chalezeule.fr\/wp-content\/uploads\/2018\/01\/la-toupie.png?fit=155%2C179&amp;ssl=1\" data-large-file=\"https:\/\/i2.wp.com\/chalezeule.fr\/wp-content\/uploads\/2018\/01\/la-toupie.png?fit=155%2C179&amp;ssl=1\" loading=\"lazy\" class=\"wp-image-2292 aligncenter\" src=\"https:\/\/i2.wp.com\/chalezeule.fr\/wp-content\/uploads\/2018\/01\/la-toupie.png?resize=296%2C343\" alt=\"\" data-recalc-dims=\"1\" \/><\/p>\n<p>La ludoth\u00e8que &#8220;La Toupie&#8221; de la <strong>f\u00e9d\u00e9ration Familles Rurales<\/strong>, a \u00e9t\u00e9 cr\u00e9\u00e9e en 1998.<\/p>\n<p>Elle est itin\u00e9rante sur une dizaine de villages autour de Besan\u00e7on, et s&#8217;installe r\u00e9guli\u00e8rement \u00e0 Chalezeule, soit pour tout le monde, et une fois par mois en classe et au TAP.<\/p>\n<p>Elle propose des <strong>jeux et des jouets pour tous les \u00e2ges.<\/strong><\/p>\n<p>Les <strong>espaces de jeux sont renouvel\u00e9s toutes les six semaines<\/strong>, ce qui permet de proposer r\u00e9guli\u00e8rement des nouveaut\u00e9s parmi les 2500 jeux et jouets qui composent le stock de jeux.<\/p>\n","protected":false},"excerpt":{"rendered":"<p>La ludoth\u00e8que &#8220;La Toupie&#8221; de la f\u00e9d\u00e9ration Familles Rurales, a \u00e9t\u00e9 cr\u00e9\u00e9e en 1998. Elle est itin\u00e9rante sur une dizaine de villages autour de Besan\u00e7on, et s&#8217;installe r\u00e9guli\u00e8rement \u00e0 Chalezeule, soit pour tout le monde, et une fois par mois en classe et au TAP. Elle propose des jeux et des jouets pour tous les [&hellip;]<\/p>\n","protected":false},"author":1,"featured_media":0,"parent":0,"menu_order":0,"comment_status":"closed","ping_status":"closed","template":"","meta":[],"_links":{"self":[{"href":"https:\/\/chalezeule.fr\/index.php\/wp-json\/wp\/v2\/pages\/2291"}],"collection":[{"href":"https:\/\/chalezeule.fr\/index.php\/wp-json\/wp\/v2\/pages"}],"about":[{"href":"https:\/\/chalezeule.fr\/index.php\/wp-json\/wp\/v2\/types\/page"}],"author":[{"embeddable":true,"href":"https:\/\/chalezeule.fr\/index.php\/wp-json\/wp\/v2\/users\/1"}],"replies":[{"embeddable":true,"href":"https:\/\/chalezeule.fr\/index.php\/wp-json\/wp\/v2\/comments?post=2291"}],"version-history":[{"count":6,"href":"https:\/\/chalezeule.fr\/index.php\/wp-json\/wp\/v2\/pages\/2291\/revisions"}],"predecessor-version":[{"id":4167,"href":"https:\/\/chalezeule.fr\/index.php\/wp-json\/wp\/v2\/pages\/2291\/revisions\/4167"}],"wp:attachment":[{"href":"https:\/\/chalezeule.fr\/index.php\/wp-json\/wp\/v2\/media?parent=2291"}],"curies":[{"name":"wp","href":"https:\/\/api.w.org\/{rel}","templated":true}]}}