{"id":180,"date":"2016-03-04T11:02:08","date_gmt":"2016-03-04T10:02:08","guid":{"rendered":"http:\/\/chalezeule.fr\/?page_id=180"},"modified":"2021-03-06T10:45:54","modified_gmt":"2021-03-06T09:45:54","slug":"elections","status":"publish","type":"page","link":"https:\/\/chalezeule.fr\/index.php\/elections\/","title":{"rendered":"\u00c9lections"},"content":{"rendered":"<h4 style=\"text-align: left;\"><span style=\"text-decoration: underline; font-family: Helvetica; color: #3782c1; font-size: 16px;\">\u00c9lections et r\u00e9f\u00e9rendums<\/span><\/h4>\n<p><span style=\"font-family: Helvetica;\"> <img data-attachment-id=\"3969\" data-permalink=\"https:\/\/chalezeule.fr\/index.php\/elections\/images\/\" data-orig-file=\"https:\/\/i1.wp.com\/chalezeule.fr\/wp-content\/uploads\/2021\/03\/images.png?fit=162%2C108&amp;ssl=1\" data-orig-size=\"162,108\" data-comments-opened=\"0\" data-image-meta=\"{&quot;aperture&quot;:&quot;0&quot;,&quot;credit&quot;:&quot;&quot;,&quot;camera&quot;:&quot;&quot;,&quot;caption&quot;:&quot;&quot;,&quot;created_timestamp&quot;:&quot;0&quot;,&quot;copyright&quot;:&quot;&quot;,&quot;focal_length&quot;:&quot;0&quot;,&quot;iso&quot;:&quot;0&quot;,&quot;shutter_speed&quot;:&quot;0&quot;,&quot;title&quot;:&quot;&quot;,&quot;orientation&quot;:&quot;0&quot;}\" data-image-title=\"images\" data-image-description=\"\" data-medium-file=\"https:\/\/i1.wp.com\/chalezeule.fr\/wp-content\/uploads\/2021\/03\/images.png?fit=162%2C108&amp;ssl=1\" data-large-file=\"https:\/\/i1.wp.com\/chalezeule.fr\/wp-content\/uploads\/2021\/03\/images.png?fit=162%2C108&amp;ssl=1\" loading=\"lazy\" class=\"aligncenter size-full wp-image-3969\" src=\"https:\/\/i1.wp.com\/chalezeule.fr\/wp-content\/uploads\/2021\/03\/images.png?resize=162%2C108\" alt=\"\" data-recalc-dims=\"1\" \/><\/span><\/p>\n<ul>\n<li style=\"text-align: left;\"><span style=\"font-family: Helvetica; font-size: 16px;\"><a href=\"https:\/\/www.service-public.fr\/particuliers\/vosdroits\/F1944\" target=\"_blank\" rel=\"noopener noreferrer\">\u00c9lections europ\u00e9ennes<\/a><\/span><\/li>\n<li style=\"text-align: left;\"><span style=\"font-family: Helvetica; font-size: 16px;\"><a href=\"https:\/\/www.service-public.fr\/particuliers\/vosdroits\/F1940\" target=\"_blank\" rel=\"noopener noreferrer\">\u00c9lection pr\u00e9sidentielle<\/a><\/span><\/li>\n<li style=\"text-align: left;\"><span style=\"font-family: Helvetica; font-size: 16px;\"><a href=\"https:\/\/www.service-public.fr\/particuliers\/vosdroits\/F1943\" target=\"_blank\" rel=\"noopener noreferrer\">\u00c9lections l\u00e9gislatives<\/a><\/span><\/li>\n<li style=\"text-align: left;\"><span style=\"font-family: Helvetica; font-size: 16px;\"><a href=\"https:\/\/www.service-public.fr\/particuliers\/vosdroits\/F1958\" target=\"_blank\" rel=\"noopener noreferrer\">\u00c9lections r\u00e9gionales et d\u00e9partementales <\/a><\/span><\/li>\n<li style=\"text-align: left;\"><span style=\"font-family: Helvetica; font-size: 16px;\"><a href=\"https:\/\/www.service-public.fr\/particuliers\/vosdroits\/F1952\" target=\"_blank\" rel=\"noopener noreferrer\">\u00c9lections municipales<\/a><\/span><\/li>\n<li style=\"text-align: left;\"><span style=\"font-family: Helvetica; font-size: 16px;\"><a href=\"https:\/\/www.service-public.fr\/particuliers\/vosdroits\/F1964\" target=\"_blank\" rel=\"noopener noreferrer\">R\u00e9f\u00e9rendum<\/a><\/span><\/li>\n<\/ul>\n<h4 style=\"text-align: left;\"><span style=\"color: #3782c1; font-size: 16px;\"><span style=\"text-decoration: underline; font-family: Helvetica;\"> Op\u00e9rations de vote <\/span><\/span><\/h4>\n<ul>\n<li style=\"text-align: left;\"><span style=\"color: #3782c1;\"><span style=\"font-family: Helvetica; font-size: 16px;\"><a href=\"https:\/\/www.service-public.fr\/particuliers\/vosdroits\/F16828\" target=\"_blank\" rel=\"noopener noreferrer\">D\u00e9roulement du scrutin<\/a><\/span><\/span><\/li>\n<li style=\"text-align: left;\"><span style=\"font-family: Helvetica; font-size: 16px;\"><a href=\"https:\/\/www.service-public.fr\/particuliers\/vosdroits\/F16904\" target=\"_blank\" rel=\"noopener noreferrer\">\u00c9lections : Fran\u00e7ais domicili\u00e9 \u00e0 l&#8217;\u00e9tranger<\/a><\/span><\/li>\n<li style=\"text-align: left;\"><span style=\"font-family: Helvetica; font-size: 16px;\"><a href=\"https:\/\/www.service-public.fr\/particuliers\/vosdroits\/F1604\" target=\"_blank\" rel=\"noopener noreferrer\">Vote par procuration<\/a><\/span><\/li>\n<\/ul>\n","protected":false},"excerpt":{"rendered":"<p>\u00c9lections et r\u00e9f\u00e9rendums \u00c9lections europ\u00e9ennes \u00c9lection pr\u00e9sidentielle \u00c9lections l\u00e9gislatives \u00c9lections r\u00e9gionales et d\u00e9partementales \u00c9lections municipales R\u00e9f\u00e9rendum Op\u00e9rations de vote D\u00e9roulement du scrutin \u00c9lections : Fran\u00e7ais domicili\u00e9 \u00e0 l&#8217;\u00e9tranger Vote par procuration<\/p>\n","protected":false},"author":1,"featured_media":0,"parent":0,"menu_order":0,"comment_status":"closed","ping_status":"closed","template":"","meta":[],"_links":{"self":[{"href":"https:\/\/chalezeule.fr\/index.php\/wp-json\/wp\/v2\/pages\/180"}],"collection":[{"href":"https:\/\/chalezeule.fr\/index.php\/wp-json\/wp\/v2\/pages"}],"about":[{"href":"https:\/\/chalezeule.fr\/index.php\/wp-json\/wp\/v2\/types\/page"}],"author":[{"embeddable":true,"href":"https:\/\/chalezeule.fr\/index.php\/wp-json\/wp\/v2\/users\/1"}],"replies":[{"embeddable":true,"href":"https:\/\/chalezeule.fr\/index.php\/wp-json\/wp\/v2\/comments?post=180"}],"version-history":[{"count":16,"href":"https:\/\/chalezeule.fr\/index.php\/wp-json\/wp\/v2\/pages\/180\/revisions"}],"predecessor-version":[{"id":3970,"href":"https:\/\/chalezeule.fr\/index.php\/wp-json\/wp\/v2\/pages\/180\/revisions\/3970"}],"wp:attachment":[{"href":"https:\/\/chalezeule.fr\/index.php\/wp-json\/wp\/v2\/media?parent=180"}],"curies":[{"name":"wp","href":"https:\/\/api.w.org\/{rel}","templated":true}]}}